 10225899?
8
What is the tens digit of 5406050?
5
What is the hundreds digit of 3806072?
0
What is the hundreds digit of 13347824?
8
What is the ten thousands digit of 230390?
3
What is the ten thousands digit of 135149?
3
What is the ten millions digit of 13618434?
1
What is the hundreds digit of 9782744?
7
What is the hundreds digit of 4778480?
4
What is the hundreds digit of 235483?
4
What is the units digit of 33757?
7
What is the thousands digit of 3122199?
2
What is the tens digit of 701274?
7
What is the units digit of 1276481?
1
What is the tens digit of 1525708?
0
What is the tens digit of 120288?
8
What is the tens digit of 727711?
1
What is the hundreds digit of 1398933?
9
What is the hundreds digit of 241955?
9
What is the thousands digit of 798034?
8
What is the tens digit of 15496588?
8
What is the ten thousands digit of 22535?
2
What is the units digit of 127525?
5
What is the hundred thousands digit of 1190063?
1
What is the thousands digit of 489156?
9
What is the millions digit of 3473096?
3
What is the tens digit of 365856?
5
What is the units digit of 338306?
6
What is the hundreds digit of 50845?
8
What is the tens digit of 3944305?
0
What is the tens digit of 329573?
7
What is the tens digit of 1574489?
8
What is the thousands digit of 5684899?
4
What is the units digit of 2334944?
4
What is the hundred thousands digit of 406703?
4
What is the hundred thousands digit of 2024370?
0
What is the hundred thousands digit of 534888?
5
What is the ten thousands digit of 322601?
2
What is the hundreds digit of 630014?
0
What is the tens digit of 8499561?
6
What is the hundred thousands digit of 284548?
2
What is the tens digit of 18406110?
1
What is the thousands digit of 2364902?
4
What is the ten thousands digit of 5230345?
3
What is the ten thousands digit of 1622857?
2
What is the tens digit of 640629?
2
What is the millions digit of 3345385?
3
What is the hundred thousands digit of 25771287?
7
What is the thousands digit of 1146646?
6
What is the millions digit of 1773153?
1
What is the ten thousands digit of 6997043?
9
What is the hundred thousands digit of 658803?
6
What is the thousands digit of 670644?
0
What is the units digit of 3261084?
4
What is the tens digit of 1722504?
0
What is the thousands digit of 821353?
1
What is the thousands digit of 233576?
3
What is the millions digit of 28154971?
8
What is the hundreds digit of 590169?
1
What is the hundred thousands digit of 644067?
6
What is the thousands digit of 505796?
5
What is the tens digit of 5775692?
9
What is the hundred thousands digit of 174423?
1
What is the hundred thousands digit of 2689327?
6
What is the hundreds digit of 6881630?
6
What is the thousands digit of 268537?
8
What is the units digit of 1371783?
3
What is the ten thousands digit of 75452?
7
What is the millions digit of 27072699?
7
What is the units digit of 285739?
9
What is the hundred thousands digit of 435430?
4
What is the tens digit of 130809?
0
What is the thousands digit of 113901?
3
What is the ten thousands digit of 79875?
7
What is the millions digit of 12424084?
2
What is the millions digit of 5198596?
5
What is the hundreds digit of 10921?
9
What is the tens digit of 5695?
9
What is the tens digit of 526502?
0
What is the hundreds digit of 2593423?
4
What is the units digit of 4403471?
1
What is the units digit of 6397020?
0
What is the millions digit of 1389844?
1
What is the hundred thousands digit of 24610046?
6
What is the units digit of 18700?
0
What is the units digit of 1021309?
9
What is the ten thousands digit of 449145?
4
What is the units digit of 994015?
5
What is the hundreds digit of 2572741?
7
What is the thousands digit of 4742053?
2
What is the tens digit of 4904340?
4
What is the millions digit of 1330991?
1
What is the tens digit of 1103726?
2
What is the tens digit of 33149073?
7
What is the tens digit of 8407624?
2
What is the tens digit of 17879827?
2
What is the hundred thousands digit of 5094852?
0
What is the units digit of 482534?
4
What is the tens digit of 1346319?
1
What is the hundreds digit of 267625?
6
What is the units digit of 2060373?
3
What is the ten thousands digit of 9362162?
6
What is the thousands digit of 348405?
8
What is the hundreds digit of 277074?
0
What is the hundred thousands digit of 279694?
2
What is the units digit of 279505?
5
What is the units digit of 3937457?
7
What is the ten thousands digit of 5085513?
8
What is the tens digit of 1132391?
9
What is the thousands digit of 18785421?
5
What is the hundreds digit of 269214?
2
What is the hundred thousands digit of 2182899?
1
What is the units digit of 7463495?
5
What is the thousands digit of 854316?
4
What is the ten thousands digit of 368071?
6
What is the millions digit of 4165262?
4
What is the units digit of 8802110?
0
What is the hundreds digit of 1527428?
4
What is the ten thousands digit of 606338?
0
What is the hundreds digit of 5711138?
1
What is the ten thousands digit of 44478?
4
What is the ten thousands digit of 45143?
4
What is the hundreds digit of 9326942?
9
What is the ten thousands digit of 1757450?
5
What is the units digit of 1580038?
8
What is the hundred thousands digit of 1306632?
3
What is the hundreds digit of 4210358?
3
What is the hundred thousands digit of 192109?
1
What is the millions digit of 18155527?
8
What is the ten thousands digit of 1987993?
8
What is the hundreds digit of 264930?
9
What is the millions digit of 1040979?
1
What is the units digit of 13189001?
1
What is the thousands digit of 165477?
5
What is the tens digit of 856022?
2
What is the ten thousands digit of 1023125?
2
What is the ten thousands digit of 352601?
5
What is the millions digit of 2786993?
2
What is the hundreds digit of 87444?
4
What is the tens digit of 6959280?
8
What is the thousands digit of 11384951?
4
What is the hundred thousands digit of 354856?
3
What is the units digit of 499793?
3
What is the tens digit of 2452062?
6
What is the ten thousands digit of 199605?
9
What is the hundreds digit of 5188707?
7
What is the hundreds digit of 334995?
9
What is the thousands digit of 17400131?
0
What is the ten thousands digit of 48592?
4
What is the units digit of 5741612?
2
What is the ten thousands digit of 3153881?
5
What is the units digit of 1298240?
0
What is the units digit of 1981494?
4
What is the tens digit of 1522386?
8
What is the hundreds digit of 21535470?
4
What is the hundreds digit of 4332611?
6
What is the hundred thousands digit of 10134335?
1
What is the tens digit of 52084?
8
What is the tens digit of 1403309?
0
What is the units digit of 706192?
2
What is the ten thousands digit of 11225974?
2
What is the tens digit of 216669?
6
What is the tens digit of 94165?
6
What is the hundred thousands digit of 1199929?
1
What is the thousands digit of 139909?
9
What is the hundred thousands digit of 3263412?
2
What is the units digit of 626005?
5
What is the tens digit of 757357?
5
What is the hundred thousands digit of 857555?
8
What is the units digit of 5657691?
1
What is the hundreds digit of 546769?
7
What is the tens digit of 6469569?
6
What is the ten thousands digit of 187297?
8
What is the hundreds digit of 6092009?
0
What is the tens digit of 96569?
6
What is the ten thousands digit of 105956?
0
What is the tens digit of 330996?
9
What is the hundred thousands digit of 1480537?
4
What is the thousands digit of 353618?
3
What is the units digit of 34967?
7
What is the thousands digit of 6322839?
2
What is the ten thousands digit of 9995599?
9
What is the hundred thousands digit of 3154394?
1
What is the tens digit of 2945052?
5
What is the tens digit of 4407999?
9
What is the ten thousands digit of 9272783?
7
What is the hundred thousands digit of 541314?
5
What is the hundred thousands digit of 3629900?
6
What is the ten thousands digit of 1003262?
0
What is the hundreds digit of 108763?
7
What is the hundred thousands digit of 487800?
4
What is the hundreds digit of 13507254?
2
What is the tens digit of 24116714?
1
What is the millions digit of 4633793?
4
What is the hundreds digit of 49789?
7
What is the ten thousands digit of 261483?
6
What is the hundreds digit of 5293112?
1
What is the hundred thousands digit of 441805?
4
What is